{"id":2,"date":"2024-01-14T19:45:56","date_gmt":"2024-01-14T18:45:56","guid":{"rendered":"https:\/\/universo.com.ve\/?page_id=2"},"modified":"2025-10-06T10:43:33","modified_gmt":"2025-10-06T14:43:33","slug":"quienes-somos","status":"publish","type":"page","link":"https:\/\/universonuevaera.com\/?page_id=2","title":{"rendered":"\u00bfQui\u00e9nes Somos?"},"content":{"rendered":"\n<p>La revista digital <strong>UNIVERSO <\/strong><em><strong>Nueva Era<\/strong><\/em> es el producto de varios intentos por mantener informada a la colectividad cient\u00edfica &#8211; espiritual acerca de la actividad hol\u00ed\u00adstica en nuestro pa\u00eds y el mundo. Un esfuerzo por ubicarnos, conocernos e intercambiar experiencias, investigaciones y conceptos propios de la nueva era en la que vivimos; Gracias a la ayuda y esfuerzo de profesionales de la comunicaci\u00f3n, as\u00ed como de muchos colaboradores abocados a la tarea de apoyo en la divulgaci\u00f3n de las tendencias milenarias de la filosof\u00eda espiritual, pero abarcando tambi\u00e9n un alto contenido de literatura cient\u00edfica como respuesta a las exigencias del lector de los nuevos tiempos. En mayo del 2000 nace la primera revista impresa, contando con gran aceptaci\u00f3n por parte del p\u00fablico lector interesado por estas pr\u00e1cticas y filosof\u00ed\u00ada de vida. Luego se lanzaron mas ediciones bimensuales hasta el 2001, para finalmente ser relanzada a trav\u00e9s de este sofisticado formato digital a partir del 13 de febrero de 2007.<\/p>\n\n\n\n<hr class=\"wp-block-separator has-alpha-channel-opacity\"\/>\n\n\n\n<h2 class=\"wp-block-heading\"><strong><em>DIRECTOR \/ EDITOR<\/em><\/strong><\/h2>\n\n\n\n<p class=\"has-medium-font-size\"><strong>Carlos A. Dum<\/strong><strong><\/strong><\/p>\n\n\n\n<ul class=\"wp-block-list\">\n<li>Productor y conductor del programa radial \u00abENERG\u00cdAS DEL UNIVERSO\u00bb por&nbsp;YouTube.<\/li>\n\n\n\n<li>Fundador y director del Centro Hol\u00edstico Universo.<\/li>\n\n\n\n<li>Astr\u00f3logo, especialista en el estudio de la &nbsp;personalidad a trav\u00e9s de los astros (astrolog\u00eda human\u00edstica).<\/li>\n\n\n\n<li>Asesor en Feng Shui.<\/li>\n\n\n\n<li>Presidente y miembro fundador de la&nbsp;Federaci\u00f3n Venezolana de Astr\u00f3logos (FEVA).<\/li>\n\n\n\n<li>Presidente de la Sociedad Venezolana de Psicoastrolog\u00eda.<\/li>\n\n\n\n<li>Productor Nacional Independiente&nbsp;N\u00ba 13530 (Radio y TV).<\/li>\n\n\n\n<li>Colegio Nacional de Locutores &#8211; Certificado N\u00ba 33.020&nbsp;.<\/li>\n\n\n\n<li>Miembro del Sindicato Profesional de&nbsp;Radio Teatro, Cine, TV y afines N\u00ba 24061.<\/li>\n\n\n\n<li>Promotor, organizador y asesor de Eventos.<\/li>\n\n\n\n<li>Productor de los hor\u00f3scopos para las revistas: VARIEDADES, SIGNOS, Diario El Puerto y PLAYBOY (Venezuela).<\/li>\n<\/ul>\n\n\n\n<p class=\"has-text-align-center has-medium-font-size\"><strong><em>DIAGRAMACI\u00d3N Y MONTAJE<\/em><\/strong><br>Carlos Jos\u00e9 Dum C\u00e1mara<\/p>\n\n\n\n<p class=\"has-text-align-center has-medium-font-size\"><strong><em>ASESORES T\u00c9CNICOS<\/em><\/strong><br>Johan Betancourt<br>Jon\u00e1s Reyes<br>Aridanes Marrero<\/p>\n\n\n\n<p class=\"has-text-align-center has-medium-font-size\"><strong><em>CONSEJO EDITORIAL<\/em><\/strong><br>Periodista Daisy Tortosa<br><strong><em>ASESOR\u00cdA LEGAL<\/em><\/strong><br>Abogada Zulmia Salgado<\/p>\n\n\n\n<hr class=\"wp-block-separator has-alpha-channel-opacity\"\/>\n\n\n\n<h2 class=\"wp-block-heading\"><strong><em>COLABORADORES Y COLUMNISTAS<\/em><\/strong><\/h2>\n\n\n\n<p><em><strong>NACIONALES:<\/strong><\/em><br>Leonardo Diaz<br>Mar\u00eda E. Ruiz C.<br>Germ\u00e1n G. Bravo<br>Mar\u00eda Da Silva<br>Miriam Coronado<br>Carlos Sosa<br>Mario Reiley<br>Ibrahim Guerra<br>Guido Rojas<br>Jes\u00fas A. Guerrero Ord\u00e1z<br>Jos\u00e9 Ag\u00fcero<br>Carmen C. Lara<\/p>\n\n\n\n<p><strong><em>INTERNACIONALES:<\/em><\/strong><br>Boris Cristoff (Uruguay)<br>Antonio C. Costa (Brasil)<br>Muriel Rojas Zamudio (Francia)<br>Michal Ivanka (M\u00e9xico)<br>Diego Andr\u00e9s Cornejo Rodr\u00edguez (Ecuador)<br>Itzhak Mizrahi (Israel)<br>F\u00e1tima Hergenreder (Argentina)<br>Orna Ben-Shoshan (Israel)<br>Juan Estadella (Espa\u00f1a)<br>Giovanni Londo\u00f1o R. (Colombia)<br>Cristina Scharle (Argentina)<br>Susana Garbuyo (Uruguay)<br>Lily Sullo (Argentina)<br>Linda Ancira de Pue (M\u00e9xico)<br>Ricardo Garc\u00eda (EE.UU)<br>Jaime Lauda (Brasil)<br>Dirce Alves (Brasil)<br>Clara Delgado (M\u00e9xico)<br>Eduardo Galeano (Uruguay)<br>Rosa Pezzuti (Islas Canarias)<br>Isis Aquario (Espa\u00f1a)<br>Marcos J. D\u00edaz Almeida (Islas Canarias)<br>Alicia Monteverde (Uruguay)<br>Giane Portal (Brasil)<br>M\u00f3nica Koppel (M\u00e9xico)<br>Katiushka Borges (Inglaterra)<br>Alberto S. Arenales (Espa\u00f1a)<br>Leonel Verdeja (Cuba)<br>Ricardo V\u00edlchez Navamuel (Costa Rica)<br>Laura Piquero Mylott (EE.UU)<\/p>\n\n\n\n<hr class=\"wp-block-separator has-alpha-channel-opacity\"\/>\n\n\n\n<h2 class=\"wp-block-heading\"><em>NOTA:<\/em><\/h2>\n\n\n\n<p class=\"has-medium-font-size\">La Direcci\u00f3n de la Revista Digital UNIVERSO Nueva Era no se hace necesariamente solidaria de las opiniones emitidas por anunciantes, colaboradores y columnistas de este Web Site. Queda autorizada la publicaci\u00f3n del material contenido en esta revista digital, as\u00ed como las colaboraciones de nuestros articulistas exclusivos tanto nacionales como extranjeros, siempre y cuando sea anunciada tambi\u00e9n la procedencia del mismo en forma clara y precisa de la siguiente manera:<br><strong><em>Fuente: Revista Digital Universo Nueva Era &#8211; www.universonuevaera.com<\/em><\/strong><br><strong>CONT\u00c1CTENOS<\/strong><br>Para informaci\u00f3n y publicaci\u00f3n de banners:<br>nuevouniverso@gmail.com<br><br>Tlf: +58 (0212) 753 5732 \/ +58 414-2543410 \/ +58 424-2553966<br>Caracas, Venezuela<\/p>\n","protected":false},"excerpt":{"rendered":"<p>La revista digital UNIVERSO Nueva Era es el producto de varios intentos por mantener informada a la colectividad cient\u00edfica &#8211; espiritual acerca de la actividad hol\u00ed\u00adstica en nuestro pa\u00eds y el mundo. Un esfuerzo por ubicarnos, conocernos e intercambiar experiencias, investigaciones y conceptos propios de la nueva era en la que vivimos; Gracias a la [&hellip;]<\/p>\n","protected":false},"author":2,"featured_media":0,"parent":0,"menu_order":0,"comment_status":"closed","ping_status":"closed","template":"","meta":{"pgc_sgb_lightbox_settings":"","slim_seo":{"title":"\u00bfQui\u00e9nes Somos?","description":"La revista digital UNIVERSO Nueva Era es el producto de varios intentos por mantener informada a la colectividad cient\u00edfica - espiritual acerca de la actividad"},"footnotes":""},"class_list":["post-2","page","type-page","status-publish","hentry"],"_links":{"self":[{"href":"https:\/\/universonuevaera.com\/index.php?rest_route=\/wp\/v2\/pages\/2","targetHints":{"allow":["GET"]}}],"collection":[{"href":"https:\/\/universonuevaera.com\/index.php?rest_route=\/wp\/v2\/pages"}],"about":[{"href":"https:\/\/universonuevaera.com\/index.php?rest_route=\/wp\/v2\/types\/page"}],"author":[{"embeddable":true,"href":"https:\/\/universonuevaera.com\/index.php?rest_route=\/wp\/v2\/users\/2"}],"replies":[{"embeddable":true,"href":"https:\/\/universonuevaera.com\/index.php?rest_route=%2Fwp%2Fv2%2Fcomments&post=2"}],"version-history":[{"count":6,"href":"https:\/\/universonuevaera.com\/index.php?rest_route=\/wp\/v2\/pages\/2\/revisions"}],"predecessor-version":[{"id":1181,"href":"https:\/\/universonuevaera.com\/index.php?rest_route=\/wp\/v2\/pages\/2\/revisions\/1181"}],"wp:attachment":[{"href":"https:\/\/universonuevaera.com\/index.php?rest_route=%2Fwp%2Fv2%2Fmedia&parent=2"}],"curies":[{"name":"wp","href":"https:\/\/api.w.org\/{rel}","templated":true}]}}